+ (-4 - 0 - 3)
-5
What is -1 + 6 + -4 - 0?
1
What is (-6 - (-2 - (-3 - -5))) + -3?
-5
(9 - 18) + 2 + 2 - -3
-2
-3 + 7 - (1 + -2)
5
Calculate -3 + 2 + 14 + -20 + 1.
-6
6 + -13 + 0 + -1 + 6
-2
7 - (16 + -3 + -2)
-4
What is the value of (-2 - 1) + 6 + 8 + -1?
10
What is -1 + 3 + -2 + 1 + 0?
1
What is -6 - (-3 + -1) - -3?
1
What is the value of -6 - (-8 - (1 - 4))?
-1
Calculate (-12 - 13) + 12 + 8.
-5
0 + -1 + -4 + 7
2
(-3 - -4) + 2 - 3
0
(1 - 3) + (4 - (8 - 2))
-4
Evaluate 0 - (3 - 6) - (-1 + 0).
4
What is -5 - (-6 + -7 + 11)?
-3
Evaluate 3 + 2 + (0 - (6 - 0)).
-1
What is the value of -7 + 5 + -1 + 3?
0
Evaluate (2 - -8) + (2 + -2 - 3).
7
Calculate (-3 - (5 + -13)) + -4.
1
Evaluate 11 - (-5 + -4 + 6 - -8).
6
-4 - (7 + -10 - -1) - 5
-7
What is -1 + 2 + (25 - 29)?
-3
Calculate -1 - -6 - (7 - (9 - 7)).
0
What is the value of -8 - (-13 + 7) - -4?
2
-6 + 6 - -1 - 0
1
Evaluate -6 + 4 + -1 + 0.
-3
Evaluate -1 + -2 + (12 - (-2 + 10)).
1
Evaluate 2 + (0 + 3 - 1) + -1.
3
What is the value of -11 + 7 + (5 - 0) + -3?
-2
13 + -26 - -24 - (-2 - -8)
5
What is the value of -2 - (0 - 4 - -4)?
-2
What is the value of 0 + -6 + 4 + 2 + -4?
-4
3 + 1 - (-19 - 0 - -15)
8
Evaluate (0 - -4) + (6 - 11).
-1
Calculate 8 + (-20 - -9) - (-7 + -2).
6
Evaluate (-2 - (4 + -5)) + (6 - 3).
2
Calculate (-5 - (-5 - 3)) + (1 - 5).
-1
Evaluate 8 + -18 + (9 + -1 - 8).
-10
7 - 15 - (-1 + 1 + -5)
-3
Calculate 5 + -1 + 0 + 1.
5
What is the value of (1 - 0) + (32 - 37)?
-4
What is 1 + -1 - (-11 + 14) - -8?
5
Evaluate 7 - (7 - 3) - 6.
-3
What is the value of -9 + (11 - 3) - -4?
3
Calculate 10 + (-8 - -4) + -6.
0
What is the value of -4 + -1 - (-1 + (-2 - 1))?
-1
-1 - -2 - (5 - 5 - -2)
-1
-2 + 3 - (3 + -6) - 5
-1
What is the value of 2 + -2 + (-8 - -5) + 0?
-3
Calculate 4 + (7 + -9 - 10).
-8
Calculate 1 + -9 + 2 - (20 + -27).
1
(8 - (-6 + 7 + 8)) + 6
5
Evaluate (2 - 7) + 3 - (0 - 2).
0
Evaluate 9 + -11 + -3 + 2 + 7.
4
(0 - (-10 + 6)) + -2 + 3
5
Evaluate 6 - (10 + 0 - (1 - 3)).
-6
-10 - (-3 + -4 - 0)
-3
Evaluate 4 + 1 - (12 - 3).
-4
What is the value of -3 - (0 - (-2 + 7) - -6)?
-4
-4 - (-1 - 8) - 3
2
What is the value of -12 - -2 - 0 - -1?
-9
Calculate (9 + 0 - 11) + 4.
2
What is the value of 3 + -4 + -6 - -6?
-1
12 - 21 - (-11 + -1)
3
What is the value of -2 + (-5 - -7) - 2?
-2
Calculate 18 - ((-1 - -22) + -10).
7
What is the value of 12 + -5 - -3 - 5?
5
Calculate 4 + (4 - 12) + (1 - 0).
-3
What is -2 - (-5 + 3 - 1)?
1
2 + 5 + -4 - 8
-5
What is (-5 - -9) + -6 - -5?
3
What is the value of 2 - 0 - 0 - (-1 + 7)?
-4
-4 - (-8 - (-10 - -6)) - -7
7
-3 - (-3 + 6 + -5)
-1
Calculate 3 + (-2 - 5 - -2).
-2
-1 + 6 + 2 + -4
3
-5 + (2 - -4 - 11) + 1
-9
What is -2 + 2 - (-1 + 5 + 0)?
-4
Calculate -4 + (-6 - -10 - -4).
4
0 + -4 + 1 + 21 + -17
1
What is -9 + 2 + 2 + (0 - -2)?
-3
Calculate 0 + -7 + 7 - (-1 - -1).
0
What is the value of -1 + -1 + 3 + 1 + 3?
5
-1 + (6 - (6 - 3)) + -2
0
Evaluate (2 - (-1 - 2)) + -7 + 2.
0
(2 - 0) + -1 + 0 + 1
2
What is the value of (15 - 26) + (2 - -5)?
-4
9 + (1 - 4) + (-3 - 1)
2
Calculate (0 - -4) + (-3 + 5 - 5).
1
What is (9 + -5 - 6) + -1 - 2?
-5
What is the value of 4 + (-11 - (9 + -14))?
-2
Evaluate 0 + -1 + 3 + 1.
3
What is the value of -10 + 1 - (-65 - -57)?
-1
What is the value of -2 + -7 + (-1 - -5) + 1?
-4
(-2 - 10) + (15 - 8)
-5
Evaluate 7 - (0 + 12) - 4.
-9
Calculate 15 + -11 - (0 - (-3 - 3)).
-2
Evaluate 2 - (-5 - 6 - -20).
-7
What is the value of 4 + -8 + 0 + (4 - -2)?
2
1 + (-4 - 1) + 5
1
What is the value of (31 - 33) + 1 + 0 + 3?
2
Evaluate 9 - (-1 + (-4 - -15)).
-1
10 - (-9 - (-22 + -4))
-7
What is 2 - (7 - 2) - -2?
-1
-1 + (-4 - 1) - (-148 + 139)
3
-5 + (6 - 1) + 0
0
Calculate (-18 - -18) + (2 - 1).
1
Calculate (0 - (7 - 12)) + (-2 - 2).
1
What is -6 + (13 - (7 + -1))?
1
What is 21 + -43 - -23 - (2 - 1)?
0
What is the value of 4 + (-7 - -2) - (1 + 3)?
-5
Evaluate -1 - -2 - (3 + 0 + 0).
-2
5 - -5 - 1 - 4
5
What is (-1 - -1) + (4 - 5 - 0)?
-1
Evaluate (3 - 5) + 2 + -4.
-4
Calculate (0 - 0) + (-5 - -1).
-4
What is (-9 + -1 - -2) + -5 + 7?
-6
What is the value of 10 + 0 + -5 + (3 - 3)?
5
Evaluate (11 - 1) + (-8 - -3).
5
Evaluate 1 - (8 - (-2 + 3)) - -5.
-1
-2 - 0 - ((-1 - 2) + 0)
1
What is (4 - 9 - (2 - 2)) + 2?
-3
0 + 1 + (7 - 3) - 1
4
Evaluate 1 + 0 + -3 + (-2 - 0).
-4
What is the value of 0 + -7 + 8 + 3?
4
What is the value of -6 + 0 - (-6 + (-8 - -1))?
7
(-5 - 0) + 2 + 16 + -13
0
What is -3 + 0 + 1 + 3?
1
What is the value of 1 - (8 + (-2 - 1))?
-4
Calculate 0 + (2 + 1 - (-1 + 6)).
-2
What is -6 + (-4 - -5 - -2) + 5?
2
What is 7 + (4 - (11 + -4))?
4
Calculate -8 + (86 - 63 - (8 + -1)).
8
What is the value of -5 + 9 + -8 + 6?
2
What is the value of 4 - (4 + 1 + -4)?
3
-3 - 1 - (-7 + 19 + -18)
2
Calculate 3 + (0 - (4 - 4)).
3
Evaluate 4 + -7 + 3 + 6 + -4.
2
What is (-12 + 0 - (19 + -21)) + 6?
-4
What is (-10 - -9) + 1 + -9?
-9
What is 0 + (1 - 3) - (9 + -10)?
-1
What is the value of -4 + -7 + 2 + (-18 - -30)?
3
Calculate (-10 + 0 - (-50 - -48)) + 0.
-8
5 + -1 + -3 + -1 + 4
4
What is 5 - (6 + 5 + -4)?
-2
What is the value of -4 + (-5 + 10 - (4 + -1))?
-2
Calculate 2 + -1 - (1 + (5 - 5)).
0
Calculate 3 + (7 - (12 + -7)).
5
Calculate -15 + 17 + -1 + -1.
0
What is -61 + 65 + (1 - 12)?
-7
What is 8 + (-8 - -11) - 11?
0
What is 7 + -6 - (4 - 2)?
-1
3 + 0 - 2 - -4
5
What is the value of 6 - (6 + (-5 - (-3 + -8)))?
-6
Calculate (-1 - (1 + -1)) + 7 + -1.
5
(-2 + 5 + -1 - -1) + -2
1
What is the value of -3 + 3 - -2 - (-11 - -13)?
0
What is the value of -16 + 10 + 3 + (0 - -1)?
-2
Calculate -1 + (3 - 2) + (3 - 1).
2
What is -1 - -4 - (-3 - -2)?
4
What is the value of -1 + 1 - (-9 - 4 - -9)?
4
What is the value of 4 + 2 + 2 + -2 + -2?
4
Evaluate -4 - 4 - -4 - -2.
-2
What is 3 + -7 + (-4 - (-11 - -6))?
-3
Calculate -14 - -12 - (-1 + -3 - 2).
4
Calculate -8 + (4 + -15 - -11).
-8
What is 0 + (4 - -1) - (-1 - -6)?
0
What is the value of (-4 - -10 - 8) + 1 + -1?
-2
What is the value of (0 - -6 - 3) + 1 + -2?
2
2 + -4 + (12 - 12) + -3
-5
(1 + -7 - 1) + -230 + 239
2
What is the value of (-3 - -1) + 7 + -7?
-2
-4 + 1 + (6 - 21) + 9
-9
Calculate -5 - (6 + -14 + 7 - 4).
0
Evaluate (-2 - 0) + 7 + -9 + 8.
4
Evaluate -6 + 10 - (-4 - (-8 - -5)).
5
Calculate (-9 - -6) + -2 + 4.
-1
Evaluate 1 + (0 - 2 - (6 - 13)).
6
Evaluate -7 + (1 - 4) + 7.
-3
8 + -2 + -6 - (2 - 2)
0
(9 - 17 - 2) + 12
2
Evaluate 2 - (5 + -10 - -6).
1
What is the value of -8 - -1 - (27 + -31) - -2?
-1
What is the value of -3 - (4 + -3) - -1?
-3
Evaluate (-8 - (3 + -4)) + 2.
-5
Evaluate -3 - (-17 - -9 - -3).
2
What is 12 - (-3 - (-2 + -7))?
6
What is 3 - 0 - (9 + 1 + -6)?
-1
-1 + -6 + (-4 - -8)
-3
Calculate 3 + 2 + (-4 - (-8 - -3)).
6
What is (-9 - 1 - -4) + (-5 - -1)?
-10
-1 - (-3 + (-5 - -3))
4
What is the value of 0 + (-2 + 1 - (0 + 4))?
-5
What is 7 + -4 - (-15 - -22)?
-4
What is 14 + -1 + 10 + -16?
7
Evaluate 1 + (7 + (-2 - 0) - 5).
1
6 + (-9 - (-3 - -2))
-2
What is 4 - (4 - 5 - -12) - -6?
-1
What is 10 - -1 - (-5 + 16)?
0
What is -11 + 7 + -3 + 10?
3
6 - (1 - -9) - (-2 + 2)
-4
15 - ((4 - -5) + -5 + 2)
9
What is the value of 3 + (3 - 7 - 0)?
-1
What is 1 + -5 + (6 - -3)?
5
What is the value of -4 - (-6 - -1) - (-1 + 9)?
-7
What is 0 + 0 - (2 - (24 - 18))?
4
Calculate -1 + -1 + (-24 - -36).
10
What is -5 - (-5 + (-11 - -18))?
-7
3 + (-5 - -2 - 0)
0
What is the value of 0 + (0 + 0 - 4) + 9?
5
Calculate -2 + (0 + 7 - 7).
-2
What is 1 - (5 + (-2 - (3 + -3)))?
-2
4 - (4 + -10 - -9) - 6
-5
Evaluate 2 + 0 + -4 - -6.
4
Evaluate (1 - 1 - (9 + -10)) + -8.
-7
Evaluate 7 + (-7 + 9 - 5).
4
Calculate (3 - 8) + -1 + 11 - 9.
-4
What is (-2 + 14 - -6) + -11?
7
Calculate -7 - -5 - (3 - (1 - -7)).
3
What is -1 + -3 - -6 - (-1 + 2)?
1
Evaluate -4 + -5 + 11 + 7.
9
Evaluate 3 + -1 + 2 + -3.
1
(6 - 2) + (-6 - -4)
2
Calculate 10 + -9 + 4 - (-1 - -2).
4
Calculate -79 + 75 + (2 - 1).
-3
Evaluate -9 + (1 - -3) - 0.
-5
-8 - 4 - -5 - -5
-2
(11 - (-6 + 14)) + 1
4
Calculate (1 - 4) + -4 + -2 + 4.
-5
-5 + 0 + (2 - 2) + 3
-2
What is 5 - 3 - (-1 + 6)?
-3
What is the value of 33 + -30 - (0 + 3)?
0
Calculate -3 + (3 - 5 - -4).
-1
-4 + 0 + (7 - (-2 + 7))
-2
Evaluate 7 - (5 - (6 + -4 + 1)).
5
What is -1 + (-5 - -10 - 1)?
3
What is the value of -10 + -2 + 4 + 11?
3
Calculate 11 + (26 - 13) - 13.
11
Calculate -2 - ((5 - 14) + 4).
3
What is -2 - 1 - (3